{"id":583,"date":"2013-07-17T11:55:56","date_gmt":"2013-07-17T09:55:56","guid":{"rendered":"http:\/\/ighum.de\/wordpress\/?page_id=583"},"modified":"2013-08-25T10:48:27","modified_gmt":"2013-08-25T08:48:27","slug":"ig-hum-unterwegs","status":"publish","type":"page","link":"http:\/\/ighum.de\/wordpress\/vereinsleben\/ig-hum-unterwegs\/","title":{"rendered":"Die IG unterwegs &#8230;"},"content":{"rendered":"<p><img decoding=\"async\" loading=\"lazy\" class=\"size-full wp-image-690 aligncenter\" alt=\"Bild\" src=\"http:\/\/ighum.de\/wordpress\/wp-content\/uploads\/2013\/08\/dreierreihe.png\" width=\"453\" height=\"120\" srcset=\"http:\/\/ighum.de\/wordpress\/wp-content\/uploads\/2013\/08\/dreierreihe.png 453w, http:\/\/ighum.de\/wordpress\/wp-content\/uploads\/2013\/08\/dreierreihe-300x79.png 300w\" sizes=\"(max-width: 453px) 100vw, 453px\" \/><\/p>\n<p>&nbsp;<\/p>\n<p>Die Mitglieder der IG trifft man mit ihren Vierbeinern auch au\u00dferhalb des Vereinsgel\u00e4ndes an.<\/p>\n<p>Bei Auftritten auf \u00f6ffentlichen Festen durch die Formationsgruppe, sowie durch die Teilnahme an diverser Veranstaltungen wie zum Beispiel Stadt und Land, Vereinsinfob\u00f6rse etc pr\u00e4sentiert sich der Verein in der \u00d6ffentlichkeit. Desweiteren stehen wir in Kooperation mit Kinderg\u00e4rten und Schulen, um hier bereits den Kleinen den richtigen Umgang mit dem Hund zu vermitteln. Auch in Seniorenwohnanlagen freuen sich Bewohner \u00fcber vierbeinigen Besuch.<\/p>\n<p>In den Jahren 2009 und 2011 war die Agility-Gruppe der IG Hund und Mensch gemeinsam mit dem Jagd- und Reitverein J\u00fcgesheim Bestandteil der j\u00e4hrlichen Reitershow in der Festhalle FfM.<\/p>\n<p>Bei allen Veranstaltungen steht der gemeinsame Spa\u00df &#8211; vor allem und ganz besonders auch mit dem Hund &#8211; im Vordergrund. Als netten Nebeneffekt bieten wir somit denHunden auch immer wieder neuen Umweltreize und Erfahrungsm\u00f6glichkeiten.<\/p>\n<p>Manchmal sind wir auch ohne Hunde unterwegs &#8211; so erweist sich die IG Hund und Mensch beim Vereinspokalschie\u00dfen bei den Tellsch\u00fctzen Froschhausen als ausgesprochen treffsicher und pokalgef\u00e4hrlich.<\/p>\n","protected":false},"excerpt":{"rendered":"<p>&nbsp; Die Mitglieder der IG trifft man mit ihren Vierbeinern auch au\u00dferhalb des Vereinsgel\u00e4ndes an. Bei Auftritten auf \u00f6ffentlichen Festen durch die Formationsgruppe, sowie durch die Teilnahme an diverser Veranstaltungen wie zum Beispiel Stadt und Land, Vereinsinfob\u00f6rse etc pr\u00e4sentiert sich der Verein in der \u00d6ffentlichkeit. Desweiteren stehen wir in Kooperation mit Kinderg\u00e4rten und Schulen, um hier bereits den Kleinen den richtigen Umgang mit dem Hund zu vermitteln. Auch in Seniorenwohnanlagen freuen sich Bewohner \u00fcber vierbeinigen Besuch. In den Jahren 2009 und 2011 war die Agility-Gruppe der IG Hund und Mensch gemeinsam mit dem Jagd- und Reitverein J\u00fcgesheim Bestandteil der j\u00e4hrlichen Reitershow in der Festhalle FfM. Bei allen Veranstaltungen steht der gemeinsame Spa\u00df &#8211; vor allem und ganz besonders auch mit dem Hund &#8211; im Vordergrund. Als netten Nebeneffekt bieten wir somit denHunden auch immer wieder neuen Umweltreize und Erfahrungsm\u00f6glichkeiten. Manchmal sind wir auch ohne Hunde unterwegs &#8211; so erweist sich die IG Hund und Mensch beim Vereinspokalschie\u00dfen bei den Tellsch\u00fctzen Froschhausen als ausgesprochen treffsicher und pokalgef\u00e4hrlich.<\/p>\n","protected":false},"author":10,"featured_media":0,"parent":574,"menu_order":33,"comment_status":"closed","ping_status":"closed","template":"","meta":{"ngg_post_thumbnail":0,"_links_to":"","_links_to_target":""},"_links":{"self":[{"href":"http:\/\/ighum.de\/wordpress\/wp-json\/wp\/v2\/pages\/583"}],"collection":[{"href":"http:\/\/ighum.de\/wordpress\/wp-json\/wp\/v2\/pages"}],"about":[{"href":"http:\/\/ighum.de\/wordpress\/wp-json\/wp\/v2\/types\/page"}],"author":[{"embeddable":true,"href":"http:\/\/ighum.de\/wordpress\/wp-json\/wp\/v2\/users\/10"}],"replies":[{"embeddable":true,"href":"http:\/\/ighum.de\/wordpress\/wp-json\/wp\/v2\/comments?post=583"}],"version-history":[{"count":4,"href":"http:\/\/ighum.de\/wordpress\/wp-json\/wp\/v2\/pages\/583\/revisions"}],"predecessor-version":[{"id":887,"href":"http:\/\/ighum.de\/wordpress\/wp-json\/wp\/v2\/pages\/583\/revisions\/887"}],"up":[{"embeddable":true,"href":"http:\/\/ighum.de\/wordpress\/wp-json\/wp\/v2\/pages\/574"}],"wp:attachment":[{"href":"http:\/\/ighum.de\/wordpress\/wp-json\/wp\/v2\/media?parent=583"}],"curies":[{"name":"wp","href":"https:\/\/api.w.org\/{rel}","templated":true}]}}