{"id":568,"date":"2013-07-17T11:54:20","date_gmt":"2013-07-17T09:54:20","guid":{"rendered":"http:\/\/ighum.de\/wordpress\/?page_id=568"},"modified":"2024-04-17T13:03:43","modified_gmt":"2024-04-17T11:03:43","slug":"sozialstunde","status":"publish","type":"page","link":"http:\/\/ighum.de\/wordpress\/angebote\/sozialstunde\/","title":{"rendered":"Sozialstunde"},"content":{"rendered":"<p><img decoding=\"async\" loading=\"lazy\" class=\"aligncenter\" src=\"http:\/\/ighum.de\/wordpress\/wp-content\/uploads\/2013\/08\/dreierreihe.png\" alt=\"Bild\" width=\"453\" height=\"120\"><\/p>\n<h3 style=\"text-align: center;\">Sozialstunde<\/h3>\n<p style=\"text-align: center;\"><strong>(derzeit nicht im Angebot)<\/strong><\/p>\n<p>In der Sozialstunde haben uns bekannte, sozialvertr\u00e4gliche Hunde von Vereinsmitgliedern die M\u00f6glichkeit auf dem eingez\u00e4unten Vereinsgel\u00e4nde miteinander in Kontakt zu treten, zu spielen, zu rennen und zu toben. Auch Hunde, die sonst nicht unangeleint laufen k\u00f6nnen, k\u00f6nnen sich hier frei bewegen. Die Teilnahme erfolgt in eigener Verantwortung ohne Aufsicht durch Ausbilder.<\/p>\n<p>Hunde sind soziale Wesen und die meisten von ihnen genie\u00dfen den Kontakt mit Artgenossen. Wie bei uns Menschen auch kristalisieren sich bei unseren Vierbeinern Sympathien und \u201egemeinsame Interessen\u201c heraus, dies kann zum beispiel ein Hinterherlauf- oder Rangelspiel sein, an denen beide Spa\u00df haben\u2026<\/p>\n<p>Aber \u2013 wie beim Menschen gibt es aber auch Antipathien untereinander und nicht jeder Hund muss mit jedem anderen gleich \u201egut Freund\u201c sein. Hier haben die Hunde das Recht, dies auf Hundeart zu kommunizieren.<\/p>\n","protected":false},"excerpt":{"rendered":"<p>Sozialstunde (derzeit nicht im Angebot) In der Sozialstunde haben uns bekannte, sozialvertr\u00e4gliche Hunde von Vereinsmitgliedern die M\u00f6glichkeit auf dem eingez\u00e4unten Vereinsgel\u00e4nde miteinander in Kontakt zu treten, zu spielen, zu rennen und zu toben. Auch Hunde, die sonst nicht unangeleint laufen k\u00f6nnen, k\u00f6nnen sich hier frei bewegen. Die Teilnahme erfolgt in eigener Verantwortung ohne Aufsicht durch Ausbilder. Hunde sind soziale Wesen und die meisten von ihnen genie\u00dfen den Kontakt mit Artgenossen. Wie bei uns Menschen auch kristalisieren sich bei unseren Vierbeinern Sympathien und \u201egemeinsame Interessen\u201c heraus, dies kann zum beispiel ein Hinterherlauf- oder Rangelspiel sein, an denen beide Spa\u00df haben\u2026 Aber \u2013 wie beim Menschen gibt es aber auch Antipathien untereinander und nicht jeder Hund muss mit jedem anderen gleich \u201egut Freund\u201c sein. Hier haben die Hunde das Recht, dies auf Hundeart zu kommunizieren.<\/p>\n","protected":false},"author":10,"featured_media":0,"parent":547,"menu_order":28,"comment_status":"closed","ping_status":"closed","template":"","meta":{"ngg_post_thumbnail":0,"_links_to":"","_links_to_target":""},"_links":{"self":[{"href":"http:\/\/ighum.de\/wordpress\/wp-json\/wp\/v2\/pages\/568"}],"collection":[{"href":"http:\/\/ighum.de\/wordpress\/wp-json\/wp\/v2\/pages"}],"about":[{"href":"http:\/\/ighum.de\/wordpress\/wp-json\/wp\/v2\/types\/page"}],"author":[{"embeddable":true,"href":"http:\/\/ighum.de\/wordpress\/wp-json\/wp\/v2\/users\/10"}],"replies":[{"embeddable":true,"href":"http:\/\/ighum.de\/wordpress\/wp-json\/wp\/v2\/comments?post=568"}],"version-history":[{"count":10,"href":"http:\/\/ighum.de\/wordpress\/wp-json\/wp\/v2\/pages\/568\/revisions"}],"predecessor-version":[{"id":1494,"href":"http:\/\/ighum.de\/wordpress\/wp-json\/wp\/v2\/pages\/568\/revisions\/1494"}],"up":[{"embeddable":true,"href":"http:\/\/ighum.de\/wordpress\/wp-json\/wp\/v2\/pages\/547"}],"wp:attachment":[{"href":"http:\/\/ighum.de\/wordpress\/wp-json\/wp\/v2\/media?parent=568"}],"curies":[{"name":"wp","href":"https:\/\/api.w.org\/{rel}","templated":true}]}}